{"id":19,"date":"2008-09-18T21:36:04","date_gmt":"2008-09-18T19:36:04","guid":{"rendered":"http:\/\/www.dp-ag.org\/de\/?page_id=19"},"modified":"2023-06-10T18:40:22","modified_gmt":"2023-06-10T16:40:22","slug":"into-de","status":"publish","type":"page","link":"https:\/\/propagandaundwiderstand.de\/dpag\/","title":{"rendered":"Activities"},"content":{"rendered":"<p><strong>Activities<\/strong><\/p>\n<p>&#8220;The German-Polish Academic Society (DPAG) is a non-profit association founded in Kiel in 1996, whose purposes are science and education in the spirit of international understanding. The aim of DPAG is to contribute to the rapprochement of Germans and Poles in the academic field. All educational programs offered by DPAG are also open to the interested general public.&#8221; The association announced in 2020 that it was not actively engaged as an association anymore.*<\/p>\n<p>It was agreed that contents of their former website . which has been deactivated in 2021 &#8211; containing materials which document Dr. Miriam Y. Arani&#8217;s work in the context of the German-Polish academic exchange, would be transferred to Dr. Arani&#8217;s site: <a href=\"https:\/\/propagandaundwiderstand.de\/\">https:\/\/propagandaundwiderstand.de\/<\/a> &gt; and be placed specifically in the sebsection at &gt; <a href=\"https:\/\/propagandaundwiderstand.de\/dpag\">https:\/\/propagandaundwiderstand.de\/dpag<\/a><\/p>\n<p>Unfortunately some materials from the years 2007 are missing.<\/p>\n<p>The contents of the dissolved association can be viewed in the webarchive, for example here: <a href=\"https:\/\/web.archive.org\/web\/20211202123520\/http:\/\/www.dp-ag.org\/de\/\">https:\/\/web.archive.org\/web\/20211202123520\/http:\/\/www.dp-ag.org\/de\/<\/a><\/p>\n<p>&#8212;<\/p>\n<p>* Only now we could find out that the association, contrary to the verbal statements of a still registered chairman of the association, is still registered in the register of associations of Berlin Charlottenburg [VR 29532] &#8211; which had led to some misunderstandings on our part up until recently.<\/p>\n<hr \/>\n<p><strong>Aktivit\u00e4ten<\/strong><\/p>\n<p>&#8220;Die Deutsch-Polnische Akademische Gesellschaft e.V. (DPAG) ist ein 1996 in Kiel gegr\u00fcndeter gemeinn\u00fctziger Verein, dessen Zwecke Wissenschaft und Bildung im Geist der V\u00f6lkerverst\u00e4ndigung sind. Das Ziel der DPAG ist es, im akademischen Bereich zur Ann\u00e4herung von Deutschen und Polen beizutragen. Alle Bildungsangebote der DPAG sind auch f\u00fcr die interessierte Allgemeinheit zug\u00e4nglich.&#8221; Der Verein gab im Jahr 2020 bekannt, dass er nicht mehr aktiv als Verband t\u00e4tig sein wird.*<\/p>\n<p>Es wurde vereinbart, dass die Inhalte ihrer der ehemaligen Vereinswebseite &#8211; die 2021 deaktiviert wurde &#8211; mit Materialien, welche die Arbeit von Dr. Miriam Y. Arani im Rahmen des deutsch-polnischen akademischen Austauschs dokumentieren, auf die Website von Dr. Arani \u00fcbertragen werden auf: <a href=\"https:\/\/propagandaundwiderstand.de\/\">https:\/\/propagandaundwiderstand.de\/<\/a> &gt; und dort spezifisch in der Sektion unter &gt; <a href=\"https:\/\/propagandaundwiderstand.de\/dpag\">https:\/\/propagandaundwiderstand.de\/dpag<\/a> platziert werden.<\/p>\n<p>Leider fehlen einige Materialien aus den Jahren 2007.<\/p>\n<p>Die Inhalte des aufgel\u00f6sten Vereins k\u00f6nnen im Webarchiv eingesehen werden, zum Beispiel hier: <a href=\"https:\/\/web.archive.org\/web\/20211202123520\/http:\/\/www.dp-ag.org\/de\/\">https:\/\/web.archive.org\/web\/20211202123520\/http:\/\/www.dp-ag.org\/de\/<\/a><\/p>\n<p>&#8212;<\/p>\n<p>* Erst jetzt konnten wir herausfinden, dass der Verein, entgegen der m\u00fcndlichen Aussagen eines noch eingetragenen Vereinsvorsitzenden, bis dato noch im Vereinsregister von Berlin Charlottenburg [VR 29532] registriert ist &#8211; was bis zuletzt zu einiger Missverst\u00e4ndnissen unsererseits gef\u00fchrt hatte.<\/p>\n<hr \/>\n<p><strong>Dzia\u0142ania<\/strong><\/p>\n<p>&#8220;Niemiecko-Polskie Towarzystwo Akademickie T.z. (DPAG e.V.) za\u0142o\u017cone zosta\u0142o w 1996 r. w Kilonii jako stowarzyszenie u\u017cyteczno\u015bci publicznej, kt\u00f3rego za\u0142o\u017ceniem jest nauka i edukacja w duchu porozumienia mi\u0119dzy narodami. Celem DPAG e.V. jest wniesienie wk\u0142adu w zbli\u017cenie Niemc\u00f3w i Polak\u00f3w na p\u0142aszczy\u017anie akademickiej. Wszelkie propozycje kszta\u0142ceniowe Towarzystwa s\u0105 dost\u0119pne dla wszystkich zainteresowanych.&#8221; W 2020 r. stowarzyszenie og\u0142osi\u0142o, \u017ce nie jest ju\u017c aktywnie zaanga\u017cowane jako stowarzyszenie*.<\/p>\n<p>Uzgodniono, \u017ce zawarto\u015b\u0107 ich dawnej strony internetowej . kt\u00f3ra zosta\u0142a dezaktywowana w 2021 r. &#8211; zawieraj\u0105ca materia\u0142y dokumentuj\u0105ce prac\u0119 dr Miriam Y. Arani w kontek\u015bcie polsko-niemieckiej wymiany akademickiej, zostanie przeniesiona na stron\u0119 dr Arani: <a href=\"https:\/\/propagandaundwiderstand.de\/\">https:\/\/propagandaundwiderstand.de\/<\/a> &gt; i umieszczona specjalnie w sekcji &gt; <a href=\"https:\/\/propagandaundwiderstand.de\/dpag\">https:\/\/propagandaundwiderstand.de\/dpag<\/a>.<\/p>\n<p>Niestety brakuje niekt\u00f3rych materia\u0142\u00f3w z lat 2007.<\/p>\n<p>Zawarto\u015b\u0107 rozwi\u0105zanego stowarzyszenia mo\u017cna obejrze\u0107 w archiwum internetowym, na przyk\u0142ad tutaj: <a href=\"https:\/\/web.archive.org\/web\/20211202123520\/http:\/\/www.dp-ag.org\/de\/\">https:\/\/web.archive.org\/web\/20211202123520\/http:\/\/www.dp-ag.org\/de\/<\/a><\/p>\n<p>&#8212;<\/p>\n<p>* Dopiero teraz dowiedzieli\u015bmy si\u0119, \u017ce stowarzyszenie, wbrew ustnym o\u015bwiadczeniom wci\u0105\u017c zarejestrowanego prezesa stowarzyszenia, jest nadal zarejestrowane w rejestrze stowarzysze\u0144 Berlin Charlottenburg [VR 29532] &#8211; co do niedawna prowadzi\u0142o do pewnych nieporozumie\u0144 z naszej strony.<\/p>\n<p>&nbsp;<\/p>\n","protected":false},"excerpt":{"rendered":"<div class=\"entry-summary\">\nActivities &#8220;The German-Polish Academic Society (DPAG) is a non-profit association founded in Kiel in 1996, whose purposes are science and&hellip;\n<\/div>\n<div class=\"link-more\"><a href=\"https:\/\/propagandaundwiderstand.de\/dpag\/\" class=\"more-link\">Continue reading<span class=\"screen-reader-text\"> &ldquo;Activities&rdquo;<\/span>&hellip;<\/a><\/div>\n","protected":false},"author":1,"featured_media":0,"parent":0,"menu_order":1,"comment_status":"closed","ping_status":"closed","template":"","meta":{"footnotes":""},"class_list":["post-19","page","type-page","status-publish","hentry","entry"],"_links":{"self":[{"href":"https:\/\/propagandaundwiderstand.de\/dpag\/wp-json\/wp\/v2\/pages\/19","targetHints":{"allow":["GET"]}}],"collection":[{"href":"https:\/\/propagandaundwiderstand.de\/dpag\/wp-json\/wp\/v2\/pages"}],"about":[{"href":"https:\/\/propagandaundwiderstand.de\/dpag\/wp-json\/wp\/v2\/types\/page"}],"author":[{"embeddable":true,"href":"https:\/\/propagandaundwiderstand.de\/dpag\/wp-json\/wp\/v2\/users\/1"}],"replies":[{"embeddable":true,"href":"https:\/\/propagandaundwiderstand.de\/dpag\/wp-json\/wp\/v2\/comments?post=19"}],"version-history":[{"count":28,"href":"https:\/\/propagandaundwiderstand.de\/dpag\/wp-json\/wp\/v2\/pages\/19\/revisions"}],"predecessor-version":[{"id":556,"href":"https:\/\/propagandaundwiderstand.de\/dpag\/wp-json\/wp\/v2\/pages\/19\/revisions\/556"}],"wp:attachment":[{"href":"https:\/\/propagandaundwiderstand.de\/dpag\/wp-json\/wp\/v2\/media?parent=19"}],"curies":[{"name":"wp","href":"https:\/\/api.w.org\/{rel}","templated":true}]}}